{"id":9252,"date":"2026-04-25T14:10:56","date_gmt":"2026-04-25T12:10:56","guid":{"rendered":"https:\/\/tena.yoga\/?post_type=dnevnik&#038;p=9252"},"modified":"2026-04-27T10:24:55","modified_gmt":"2026-04-27T08:24:55","slug":"more-o-more","status":"publish","type":"dnevnik","link":"https:\/\/tena.yoga\/sr\/bisevski-dnevnik\/more-o-more\/","title":{"rendered":"More, o more"},"content":{"rendered":"\n<div style=\"height:30px\" aria-hidden=\"true\" class=\"wp-block-spacer\"><\/div>\n\n\n\n<div class=\"wp-block-columns is-layout-flex wp-container-core-columns-is-layout-28f84493 wp-block-columns-is-layout-flex\">\n<div class=\"wp-block-column is-layout-flow wp-block-column-is-layout-flow\" style=\"flex-basis:10%\"><\/div>\n\n\n\n<div class=\"wp-block-column is-layout-flow wp-block-column-is-layout-flow\" style=\"flex-basis:80%\"><div class=\"wp-block-image\">\n<figure class=\"aligncenter size-full\"><a href=\"https:\/\/tena.yoga\/wp-content\/uploads\/2025\/11\/more_more_H.webp\"><img decoding=\"async\" width=\"1441\" height=\"1920\" src=\"https:\/\/tena.yoga\/wp-content\/uploads\/2025\/11\/more_more_H.webp\" alt=\"\" class=\"wp-image-9300\" srcset=\"https:\/\/tena.yoga\/wp-content\/uploads\/2025\/11\/more_more_H.webp 1441w, https:\/\/tena.yoga\/wp-content\/uploads\/2025\/11\/more_more_H-769x1024.webp 769w, https:\/\/tena.yoga\/wp-content\/uploads\/2025\/11\/more_more_H-1153x1536.webp 1153w, https:\/\/tena.yoga\/wp-content\/uploads\/2025\/11\/more_more_H-600x799.webp 600w\" sizes=\"(max-width: 1441px) 100vw, 1441px\" \/><\/a><\/figure>\n<\/div>\n\n\n<div style=\"height:10px\" aria-hidden=\"true\" class=\"wp-block-spacer\"><\/div>\n\n\n\n<p>\u0160to dulje \u017eivim uz more sve bolje razumijem pjesmu Meri Cetini\u0107 &#8222;More&#8220;. Pjesma ima dvije kratke strofe o ljubavi, te 60 ak puta zapjeva rije\u010d more. Jednostavno nije imala vi\u0161e\u00a0\u0161to dodati jer ponavljanjem te rije\u010di, spjevu moru, stvorila je ugo\u0111aj veli\u010dine, va\u017enosti i svetosti mora. Izvoru svog \u017eivota.<\/p>\n\n\n\n<div style=\"height:10px\" aria-hidden=\"true\" class=\"wp-block-spacer\"><\/div>\n\n\n\n<figure class=\"wp-block-image size-large\"><a href=\"https:\/\/tena.yoga\/wp-content\/uploads\/2026\/04\/more_atmosfera.webp\"><img decoding=\"async\" width=\"1024\" height=\"768\" src=\"https:\/\/tena.yoga\/wp-content\/uploads\/2026\/04\/more_atmosfera-1024x768.webp\" alt=\"\" class=\"wp-image-17045\" srcset=\"https:\/\/tena.yoga\/wp-content\/uploads\/2026\/04\/more_atmosfera-1024x768.webp 1024w, https:\/\/tena.yoga\/wp-content\/uploads\/2026\/04\/more_atmosfera-1536x1152.webp 1536w, https:\/\/tena.yoga\/wp-content\/uploads\/2026\/04\/more_atmosfera-600x450.webp 600w, https:\/\/tena.yoga\/wp-content\/uploads\/2026\/04\/more_atmosfera.webp 1920w\" sizes=\"(max-width: 1024px) 100vw, 1024px\" \/><\/a><\/figure>\n\n\n\n<div style=\"height:10px\" aria-hidden=\"true\" class=\"wp-block-spacer\"><\/div>\n\n\n\n<p>More je \u017eivi organizam, sve \u0161to u njemu obitava stvara te jedinstvene karakteristike. Ono se oboji tonom atmosfere, rasple\u0161e u ritmu vjetra, \u0161umi u tempu oluje, miruje pod suncem\u2026 Raspolo\u017eenje mu se mijenja u odnosu na nebo, sunce, vjetar, biljke, \u017eivotinje, ljude\u2026 U odnosu na sve iz okoline. More ne postoji nezavisno, svaki pojedini segment ga stvara, svaki je val satkan od mnogo kapljica, a svaka je kapljica izraz cijelog mora. <\/p>\n\n\n\n<div style=\"height:10px\" aria-hidden=\"true\" class=\"wp-block-spacer\"><\/div>\n\n\n\n<figure class=\"wp-block-image size-large\"><a href=\"https:\/\/tena.yoga\/wp-content\/uploads\/2026\/04\/more_iz_luke_komiza.webp\"><img decoding=\"async\" width=\"1024\" height=\"768\" src=\"https:\/\/tena.yoga\/wp-content\/uploads\/2026\/04\/more_iz_luke_komiza-1024x768.webp\" alt=\"\" class=\"wp-image-17046\" srcset=\"https:\/\/tena.yoga\/wp-content\/uploads\/2026\/04\/more_iz_luke_komiza-1024x768.webp 1024w, https:\/\/tena.yoga\/wp-content\/uploads\/2026\/04\/more_iz_luke_komiza-1536x1152.webp 1536w, https:\/\/tena.yoga\/wp-content\/uploads\/2026\/04\/more_iz_luke_komiza-600x450.webp 600w, https:\/\/tena.yoga\/wp-content\/uploads\/2026\/04\/more_iz_luke_komiza.webp 1920w\" sizes=\"(max-width: 1024px) 100vw, 1024px\" \/><\/a><\/figure>\n\n\n\n<div style=\"height:10px\" aria-hidden=\"true\" class=\"wp-block-spacer\"><\/div>\n\n\n\n<p>Nama s kontinenta more = pla\u017ea = sunce = kupanje = ljeto = vru\u0107ine = miris krema za sun\u010danje. More bismo imali priliku do\u017eivjeti od 6. &#8211; 8. mjeseca i ve\u0107inom ga ve\u017eemo uz ove pojmove. No to naravno nije do\u017eivljaj mora u potpunosti, u njegovoj punoj vrijednosti. Prava se snaga, mo\u0107 i istina onoga \u0161to more jest, mo\u017ee iskrenije do\u017eivjeti u ostalih 9 mjeseci.<\/p>\n\n\n\n<div style=\"height:10px\" aria-hidden=\"true\" class=\"wp-block-spacer\"><\/div>\n\n\n\n<div class=\"wp-block-columns is-layout-flex wp-container-core-columns-is-layout-28f84493 wp-block-columns-is-layout-flex\">\n<div class=\"wp-block-column is-layout-flow wp-block-column-is-layout-flow\">\n<figure class=\"wp-block-image size-large\"><a href=\"https:\/\/tena.yoga\/wp-content\/uploads\/2026\/04\/more_more_s_broda.webp\"><img decoding=\"async\" width=\"768\" height=\"1024\" src=\"https:\/\/tena.yoga\/wp-content\/uploads\/2026\/04\/more_more_s_broda-768x1024.webp\" alt=\"\" class=\"wp-image-17047\" srcset=\"https:\/\/tena.yoga\/wp-content\/uploads\/2026\/04\/more_more_s_broda-768x1024.webp 768w, https:\/\/tena.yoga\/wp-content\/uploads\/2026\/04\/more_more_s_broda-600x800.webp 600w, https:\/\/tena.yoga\/wp-content\/uploads\/2026\/04\/more_more_s_broda.webp 1080w\" sizes=\"(max-width: 768px) 100vw, 768px\" \/><\/a><\/figure>\n<\/div>\n\n\n\n<div class=\"wp-block-column is-layout-flow wp-block-column-is-layout-flow\">\n<figure class=\"wp-block-image size-large\"><a href=\"https:\/\/tena.yoga\/wp-content\/uploads\/2026\/04\/more_more_s_broda2.webp\"><img decoding=\"async\" width=\"768\" height=\"1024\" src=\"https:\/\/tena.yoga\/wp-content\/uploads\/2026\/04\/more_more_s_broda2-768x1024.webp\" alt=\"\" class=\"wp-image-17048\" srcset=\"https:\/\/tena.yoga\/wp-content\/uploads\/2026\/04\/more_more_s_broda2-768x1024.webp 768w, https:\/\/tena.yoga\/wp-content\/uploads\/2026\/04\/more_more_s_broda2-600x800.webp 600w, https:\/\/tena.yoga\/wp-content\/uploads\/2026\/04\/more_more_s_broda2.webp 1080w\" sizes=\"(max-width: 768px) 100vw, 768px\" \/><\/a><\/figure>\n<\/div>\n<\/div>\n\n\n\n<div style=\"height:10px\" aria-hidden=\"true\" class=\"wp-block-spacer\"><\/div>\n\n\n\n<p>Iskusni mornar ima strahopo\u0161tovanje prema moru. Sada to razumijem. Nije svejedno u kojim \u0107e\u0161 se uvjetima odaslati na pu\u010dinu. More mo\u017ee jedan dan biti nevjerojatno mirno, spokojno, kako ka\u017eu &#8211; kao ulje, a drugi dan haraju valovi od 3 metra. Onaj tko plovi morem razumije njegov govor, njegove promjene, zna \u0161to zna\u010di koji ton boje i smjer vjetra. More je medij koji diktira kretanje. Brodovi koji plove oblikuju ga valovima koje stvaraju, na\u010dinom na koji re\u017eu povr\u0161inu i pjenicom kojom iscrtavaju put.<\/p>\n\n\n\n<div style=\"height:10px\" aria-hidden=\"true\" class=\"wp-block-spacer\"><\/div>\n\n\n<div class=\"wp-block-image\">\n<figure class=\"aligncenter size-full\"><a href=\"https:\/\/tena.yoga\/wp-content\/uploads\/2026\/04\/more_valovi_bisevo.webp\"><img decoding=\"async\" width=\"1440\" height=\"1920\" src=\"https:\/\/tena.yoga\/wp-content\/uploads\/2026\/04\/more_valovi_bisevo.webp\" alt=\"\" class=\"wp-image-17051\" srcset=\"https:\/\/tena.yoga\/wp-content\/uploads\/2026\/04\/more_valovi_bisevo.webp 1440w, https:\/\/tena.yoga\/wp-content\/uploads\/2026\/04\/more_valovi_bisevo-768x1024.webp 768w, https:\/\/tena.yoga\/wp-content\/uploads\/2026\/04\/more_valovi_bisevo-1152x1536.webp 1152w, https:\/\/tena.yoga\/wp-content\/uploads\/2026\/04\/more_valovi_bisevo-600x800.webp 600w\" sizes=\"(max-width: 1440px) 100vw, 1440px\" \/><\/a><\/figure>\n<\/div>\n\n\n<div style=\"height:10px\" aria-hidden=\"true\" class=\"wp-block-spacer\"><\/div>\n\n\n\n<p>Ta nas poznata &#8222;morska scena&#8220; odmah razveseli, rasple\u0161u nam se stanice u dubini tijela. Prizor koji donosi mir i osje\u0107aj da smo kona\u010dno stigli. &#8222;Sada mogu stati i samo biti ba\u0161 kao \u0161to i more jeste&#8220;. <\/p>\n\n\n\n<div style=\"height:10px\" aria-hidden=\"true\" class=\"wp-block-spacer\"><\/div>\n\n\n\n<figure class=\"wp-block-image size-large\"><a href=\"https:\/\/tena.yoga\/wp-content\/uploads\/2026\/04\/more_vis_bisevo.webp\"><img decoding=\"async\" width=\"1024\" height=\"768\" src=\"https:\/\/tena.yoga\/wp-content\/uploads\/2026\/04\/more_vis_bisevo-1024x768.webp\" alt=\"\" class=\"wp-image-17052\" srcset=\"https:\/\/tena.yoga\/wp-content\/uploads\/2026\/04\/more_vis_bisevo-1024x768.webp 1024w, https:\/\/tena.yoga\/wp-content\/uploads\/2026\/04\/more_vis_bisevo-1536x1152.webp 1536w, https:\/\/tena.yoga\/wp-content\/uploads\/2026\/04\/more_vis_bisevo-600x450.webp 600w, https:\/\/tena.yoga\/wp-content\/uploads\/2026\/04\/more_vis_bisevo.webp 1920w\" sizes=\"(max-width: 1024px) 100vw, 1024px\" \/><\/a><\/figure>\n<\/div>\n\n\n\n<div class=\"wp-block-column is-layout-flow wp-block-column-is-layout-flow\" style=\"flex-basis:10%\"><\/div>\n<\/div>\n\n\n\n<p><\/p>\n","protected":false},"excerpt":{"rendered":"<p>\u0160to dulje \u017eivim uz more sve bolje razumijem pjesmu Meri Cetini\u0107 &#8222;More&#8220;. Pjesma ima dvije kratke strofe o ljubavi, te<\/p>\n","protected":false},"featured_media":9300,"menu_order":0,"template":"","format":"standard","class_list":["post-9252","dnevnik","type-dnevnik","status-publish","format-standard","has-post-thumbnail","hentry"],"_links":{"self":[{"href":"https:\/\/tena.yoga\/sr\/wp-json\/wp\/v2\/dnevnik\/9252","targetHints":{"allow":["GET"]}}],"collection":[{"href":"https:\/\/tena.yoga\/sr\/wp-json\/wp\/v2\/dnevnik"}],"about":[{"href":"https:\/\/tena.yoga\/sr\/wp-json\/wp\/v2\/types\/dnevnik"}],"version-history":[{"count":5,"href":"https:\/\/tena.yoga\/sr\/wp-json\/wp\/v2\/dnevnik\/9252\/revisions"}],"predecessor-version":[{"id":17059,"href":"https:\/\/tena.yoga\/sr\/wp-json\/wp\/v2\/dnevnik\/9252\/revisions\/17059"}],"wp:featuredmedia":[{"embeddable":true,"href":"https:\/\/tena.yoga\/sr\/wp-json\/wp\/v2\/media\/9300"}],"wp:attachment":[{"href":"https:\/\/tena.yoga\/sr\/wp-json\/wp\/v2\/media?parent=9252"}],"curies":[{"name":"wp","href":"https:\/\/api.w.org\/{rel}","templated":true}]}}

<div style="height:30px" aria-hidden="true" class="wp-block-spacer"></div>



<div class="wp-block-columns is-layout-flex wp-container-core-columns-is-layout-28f84493 wp-block-columns-is-layout-flex">
<div class="wp-block-column is-layout-flow wp-block-column-is-layout-flow" style="flex-basis:10%"></div>



<div class="wp-block-column is-layout-flow wp-block-column-is-layout-flow" style="flex-basis:80%"><div class="wp-block-image">
<figure class="aligncenter size-full"><a href="https://tena.yoga/wp-content/uploads/2025/11/more_more_H.webp"><img decoding="async" width="1441" height="1920" src="https://tena.yoga/wp-content/uploads/2025/11/more_more_H.webp" alt="" class="wp-image-9300" srcset="https://tena.yoga/wp-content/uploads/2025/11/more_more_H.webp 1441w, https://tena.yoga/wp-content/uploads/2025/11/more_more_H-769x1024.webp 769w, https://tena.yoga/wp-content/uploads/2025/11/more_more_H-1153x1536.webp 1153w, https://tena.yoga/wp-content/uploads/2025/11/more_more_H-600x799.webp 600w" sizes="(max-width: 1441px) 100vw, 1441px" /></a></figure>
</div>


<div style="height:10px" aria-hidden="true" class="wp-block-spacer"></div>



<p>Što dulje živim uz more sve bolje razumijem pjesmu Meri Cetinić &#8222;More&#8220;. Pjesma ima dvije kratke strofe o ljubavi, te 60 ak puta zapjeva riječ more. Jednostavno nije imala više što dodati jer ponavljanjem te riječi, spjevu moru, stvorila je ugođaj veličine, važnosti i svetosti mora. Izvoru svog života.</p>



<div style="height:10px" aria-hidden="true" class="wp-block-spacer"></div>



<figure class="wp-block-image size-large"><a href="https://tena.yoga/wp-content/uploads/2026/04/more_atmosfera.webp"><img decoding="async" width="1024" height="768" src="https://tena.yoga/wp-content/uploads/2026/04/more_atmosfera-1024x768.webp" alt="" class="wp-image-17045" srcset="https://tena.yoga/wp-content/uploads/2026/04/more_atmosfera-1024x768.webp 1024w, https://tena.yoga/wp-content/uploads/2026/04/more_atmosfera-1536x1152.webp 1536w, https://tena.yoga/wp-content/uploads/2026/04/more_atmosfera-600x450.webp 600w, https://tena.yoga/wp-content/uploads/2026/04/more_atmosfera.webp 1920w" sizes="(max-width: 1024px) 100vw, 1024px" /></a></figure>



<div style="height:10px" aria-hidden="true" class="wp-block-spacer"></div>



<p>More je živi organizam, sve što u njemu obitava stvara te jedinstvene karakteristike. Ono se oboji tonom atmosfere, raspleše u ritmu vjetra, šumi u tempu oluje, miruje pod suncem… Raspoloženje mu se mijenja u odnosu na nebo, sunce, vjetar, biljke, životinje, ljude… U odnosu na sve iz okoline. More ne postoji nezavisno, svaki pojedini segment ga stvara, svaki je val satkan od mnogo kapljica, a svaka je kapljica izraz cijelog mora. </p>



<div style="height:10px" aria-hidden="true" class="wp-block-spacer"></div>



<figure class="wp-block-image size-large"><a href="https://tena.yoga/wp-content/uploads/2026/04/more_iz_luke_komiza.webp"><img decoding="async" width="1024" height="768" src="https://tena.yoga/wp-content/uploads/2026/04/more_iz_luke_komiza-1024x768.webp" alt="" class="wp-image-17046" srcset="https://tena.yoga/wp-content/uploads/2026/04/more_iz_luke_komiza-1024x768.webp 1024w, https://tena.yoga/wp-content/uploads/2026/04/more_iz_luke_komiza-1536x1152.webp 1536w, https://tena.yoga/wp-content/uploads/2026/04/more_iz_luke_komiza-600x450.webp 600w, https://tena.yoga/wp-content/uploads/2026/04/more_iz_luke_komiza.webp 1920w" sizes="(max-width: 1024px) 100vw, 1024px" /></a></figure>



<div style="height:10px" aria-hidden="true" class="wp-block-spacer"></div>



<p>Nama s kontinenta more = plaža = sunce = kupanje = ljeto = vrućine = miris krema za sunčanje. More bismo imali priliku doživjeti od 6. &#8211; 8. mjeseca i većinom ga vežemo uz ove pojmove. No to naravno nije doživljaj mora u potpunosti, u njegovoj punoj vrijednosti. Prava se snaga, moć i istina onoga što more jest, može iskrenije doživjeti u ostalih 9 mjeseci.</p>



<div style="height:10px" aria-hidden="true" class="wp-block-spacer"></div>



<div class="wp-block-columns is-layout-flex wp-container-core-columns-is-layout-28f84493 wp-block-columns-is-layout-flex">
<div class="wp-block-column is-layout-flow wp-block-column-is-layout-flow">
<figure class="wp-block-image size-large"><a href="https://tena.yoga/wp-content/uploads/2026/04/more_more_s_broda.webp"><img decoding="async" width="768" height="1024" src="https://tena.yoga/wp-content/uploads/2026/04/more_more_s_broda-768x1024.webp" alt="" class="wp-image-17047" srcset="https://tena.yoga/wp-content/uploads/2026/04/more_more_s_broda-768x1024.webp 768w, https://tena.yoga/wp-content/uploads/2026/04/more_more_s_broda-600x800.webp 600w, https://tena.yoga/wp-content/uploads/2026/04/more_more_s_broda.webp 1080w" sizes="(max-width: 768px) 100vw, 768px" /></a></figure>
</div>



<div class="wp-block-column is-layout-flow wp-block-column-is-layout-flow">
<figure class="wp-block-image size-large"><a href="https://tena.yoga/wp-content/uploads/2026/04/more_more_s_broda2.webp"><img decoding="async" width="768" height="1024" src="https://tena.yoga/wp-content/uploads/2026/04/more_more_s_broda2-768x1024.webp" alt="" class="wp-image-17048" srcset="https://tena.yoga/wp-content/uploads/2026/04/more_more_s_broda2-768x1024.webp 768w, https://tena.yoga/wp-content/uploads/2026/04/more_more_s_broda2-600x800.webp 600w, https://tena.yoga/wp-content/uploads/2026/04/more_more_s_broda2.webp 1080w" sizes="(max-width: 768px) 100vw, 768px" /></a></figure>
</div>
</div>



<div style="height:10px" aria-hidden="true" class="wp-block-spacer"></div>



<p>Iskusni mornar ima strahopoštovanje prema moru. Sada to razumijem. Nije svejedno u kojim ćeš se uvjetima odaslati na pučinu. More može jedan dan biti nevjerojatno mirno, spokojno, kako kažu &#8211; kao ulje, a drugi dan haraju valovi od 3 metra. Onaj tko plovi morem razumije njegov govor, njegove promjene, zna što znači koji ton boje i smjer vjetra. More je medij koji diktira kretanje. Brodovi koji plove oblikuju ga valovima koje stvaraju, načinom na koji režu površinu i pjenicom kojom iscrtavaju put.</p>



<div style="height:10px" aria-hidden="true" class="wp-block-spacer"></div>


<div class="wp-block-image">
<figure class="aligncenter size-full"><a href="https://tena.yoga/wp-content/uploads/2026/04/more_valovi_bisevo.webp"><img decoding="async" width="1440" height="1920" src="https://tena.yoga/wp-content/uploads/2026/04/more_valovi_bisevo.webp" alt="" class="wp-image-17051" srcset="https://tena.yoga/wp-content/uploads/2026/04/more_valovi_bisevo.webp 1440w, https://tena.yoga/wp-content/uploads/2026/04/more_valovi_bisevo-768x1024.webp 768w, https://tena.yoga/wp-content/uploads/2026/04/more_valovi_bisevo-1152x1536.webp 1152w, https://tena.yoga/wp-content/uploads/2026/04/more_valovi_bisevo-600x800.webp 600w" sizes="(max-width: 1440px) 100vw, 1440px" /></a></figure>
</div>


<div style="height:10px" aria-hidden="true" class="wp-block-spacer"></div>



<p>Ta nas poznata &#8222;morska scena&#8220; odmah razveseli, rasplešu nam se stanice u dubini tijela. Prizor koji donosi mir i osjećaj da smo konačno stigli. &#8222;Sada mogu stati i samo biti baš kao što i more jeste&#8220;. </p>



<div style="height:10px" aria-hidden="true" class="wp-block-spacer"></div>



<figure class="wp-block-image size-large"><a href="https://tena.yoga/wp-content/uploads/2026/04/more_vis_bisevo.webp"><img decoding="async" width="1024" height="768" src="https://tena.yoga/wp-content/uploads/2026/04/more_vis_bisevo-1024x768.webp" alt="" class="wp-image-17052" srcset="https://tena.yoga/wp-content/uploads/2026/04/more_vis_bisevo-1024x768.webp 1024w, https://tena.yoga/wp-content/uploads/2026/04/more_vis_bisevo-1536x1152.webp 1536w, https://tena.yoga/wp-content/uploads/2026/04/more_vis_bisevo-600x450.webp 600w, https://tena.yoga/wp-content/uploads/2026/04/more_vis_bisevo.webp 1920w" sizes="(max-width: 1024px) 100vw, 1024px" /></a></figure>
</div>



<div class="wp-block-column is-layout-flow wp-block-column-is-layout-flow" style="flex-basis:10%"></div>
</div>



<p></p>

<p>Što dulje živim uz more sve bolje razumijem pjesmu Meri Cetinić &#8222;More&#8220;. Pjesma ima dvije kratke strofe o ljubavi, te</p>
